-18) - (-2216)/2493. Let u(t) be the second derivative of 7*t + 5/6*t**3 + 0 + 1/2*t**d. What is u(-1)?
-4
Let p(s) = -43*s - 35 - 31*s + 36 + 55*s. Determine p(1).
-18
Suppose 3*s = 4*w + 1, 4*w + 4*s - s + 7 = 0. Let g be ((-27 + -1)/(-4))/w. Let h(k) = k + 12. Calculate h(g).
5
Let m(w) = 65*w**3 + 3*w + 2. Suppose 45*z = 49*z + 4. Calculate m(z).
-66
Let b = -224 - -229. Suppose b*k + l + 3 = 0, 2*k + 8*l - 5*l = -9. Let x(m) = -m - 5. Give x(k).
-5
Suppose 3*d - 7 = -2*b + 4*b, 26 = -d - 5*b. Let u(n) be the second derivative of 0 - 1/3*n**3 - 1/2*n**2 - 3*n. Determine u(d).
1
Let r(k) be the second derivative of -k**5/20 + k**4/2 + 7*k**3/6 - 3*k**2/2 + 3*k + 46. Let i(w) = -6*w**3 - 3*w - 2. Let t be i(-1). What is r(t)?
-3
Let a(j) = 2*j - 37. Let f(v) = v**2 - 10*v - 16. Let y be f(16). Let h = y - 85. Let t(i) = i - 18. Let l(n) = h*t(n) + 2*a(n). Determine l(9).
7
Let t(q) = 2079*q - 1215. Let y(j) = 31*j - 18. Let k(h) = -2*t(h) + 135*y(h). Determine k(2).
54
Let l(u) = 7*u**2 + 39*u + 25. Suppose 117*t + 153 = -299 - 133. Calculate l(t).
5
Let g(n) = -2*n**3 + 10*n**2 + 4. Let z(l) = -9*l + 12. Let i be z(3). Let v be 20/(-6) + 2 + (-95)/i. What is g(v)?
4
Let d(z) = 17*z - 23. Let p be ((-141 - -141)/(2/((-2)/(-1))))/4. Calculate d(p).
-23
Let k be ((-18)/(-21))/((-54)/(-630)). Let i(n) = 42 - k + 45 - 132 + n + 0. What is i(0)?
-55
Let o(k) = 18*k - 1. Let u be 1/(-3) - -12*(-4)/(-9). Suppose -5*t + u = 3*y, 8 = -3*t + 3*y + 35. Let q = 3 - t. Calculate o(q).
-19
Let o(z) = z**3 + 6*z**2 + z + 9. Let t be 1820/195*6*(-1)/(-7). Suppose 0 = -t*x - 57 + 9. Give o(x).
3
Let a(p) be the third derivative of 0 + 7/6*p**3 + 0*p - 1/60*p**5 + 3/8*p**4 + 122*p**2. Give a(9).
7
Let h(z) = 8*z + 362*z**2 + 2*z - 364*z**2 - 3. Let k be h(5). Let x(d) = 7*d + 1. Give x(k).
-20
Suppose f - 331 = -5*d + d, -d + 5*f + 88 = 0. Let q = d + -61. Let j be (-2)/5 - q/(-5). Let x(h) = -h**2 + 2*h - 2. Give x(j).
-10
Let p(n) = 3*n**2 - 21*n - 212. Let k be p(-10). Let z = k - 293. Let v(r) = -r**3 + 5*r**2 + 6*r - 3. What is v(z)?
27
Let p be 8/3 - (-1)/3. Let z(t) = -5015 + 3*t + 3*t**2 - t**3 + 2509 + 2510. What is z(p)?
13
Let u(k) = 2*k - 5. Suppose -21*b = -3*b - 594. Suppose 41*r - b*r = -80. Calculate u(r).
-25
Let f(k) = -9*k + 15. Let h(v) = -4*v + 7. Let d(y) = 2*f(y) - 5*h(y). Let t be (-65)/(-10) + -2*9/36. Determine d(t).
7
Let b(m) = -m + 172*m**2 - 15 - 4*m - 173*m**2 - 6*m. What is b(-5)?
15
Let q(p) = -4*p + 35. Suppose -42 = -11*d + 5*d. Determine q(d).
7
Let n(q) = -2*q - 1. Suppose 20 = -2*f + 28. Suppose 0 = -i - 4*d + f + 67, 4*i - d = 216. Let a be 18/(-5) + 33/i. What is n(a)?
5
Let f(l) = 3*l + 12. Let d(m) = -28*m**2 - 446*m + 32. Let u be d(-16). Determine f(u).
12
Let w(s) = 2*s**3 + 126*s**2 - 398*s - 128. Let t be w(-66). Let k(x) = x**2 - 12*x + 13. Calculate k(t).
-19
Let b(t) be the third derivative of -t**4/24 + 5*t**3/3 - 13*t**2 + 6*t. What is b(-2)?
12
Let y be (-3)/18 - 140/24. Suppose 10 = -2*k, 5*a - 4*k - 4 = 46. Let w(r) = -8*r + 1 + 2 - r**2 + 0 - a. What is w(y)?
9
Suppose 4*z = 12, 0 = 5*t - z + 25 - 67. Let d(w) = -4 + 1 + 12*w - 2*w + t*w**2 - w**3. Suppose 0 = 12*p + 42465 - 42585. What is d(p)?
-3
Suppose 2*j = 2*s - 16, -247*j - 25 = -245*j + s. Let k(c) = 5*c + 9. Calculate k(j).
-46
Let j(g) = -3*g - 21. Let y = -47 + 46. Let c(w) = -w. Let l(h) = 4*h + 7. Let b(q) = y*l(q) - 3*c(q). Let t(n) = 7*b(n) - 2*j(n). Calculate t(6).
-13
Suppose -9*w = -8*w - 2*k + 16, 4*k = 5*w + 62. Let d(q) = q**3 + 9*q**2 - 14*q - 2. Determine d(w).
38
Let k(c) = 3*c - 3. Suppose -4*g - 5*n - 36 = 0, 4*n + 8 = 3*g - g. Let o be 22/(-55) - 8/5*g. Give k(o).
15
Let a(p) = -2*p**2 - 7*p - 2. Let k(w) = w**2 - w - 69. Let m be k(-8). Suppose 0 = 2*u + m*f + 4 + 11, 0 = -4*u + 2*f - 6. Calculate a(u).
1
Let c(d) = 64*d - 2434. Let v be c(38). Let l(s) be the second derivative of -s**5/20 - s**4/12 + s**3/2 + s**2/2 + 3*s. Give l(v).
-1
Let p be ((-1 - 5)/3)/((-4)/6). Suppose 0 = -24*j + 25*j + p. Let z(v) = -v**3 - v**2 + 5*v + 3. Determine z(j).
6
Let i(w) be the first derivative of -2*w**2 + w + 1. Suppose 13 - 55 = 6*n. Let r(a) = a**3 + 6*a**2 - 5*a + 15. Let h be r(n). Give i(h).
-3
Let j(z) = -2*z**2 + 10*z - 2. Let r be j(5). Let k(b) = -3. Let c(a) = -9*a - 21. Let y(i) = c(i) - 6*k(i). What is y(r)?
15
Let y(a) = -12*a + 55. Let i(h) = 53*h - 305. Let q(t) = -4*i(t) - 22*y(t). Determine q(2).
114
Let n(a) = a**2 + 1. Let d(x) = -x**3 - 3*x**2 - 2*x - 6. Let s(i) = -d(i) - 6*n(i). Suppose -144*h = -93 - 33 - 162. Calculate s(h).
0
Suppose -24*y + 135 = 21*y. Suppose p + 1 = 3, v - 5 = -y*p. Let l(w) = -12*w - 1. Calculate l(v).
11
Suppose h - 4*p - 13 = -4, -5*h + 24 = p. Let y be (6 - h)*(-20)/4. Let v(a) = -a**3 - 5*a**2 - a - 7. Determine v(y).
-2
Let c(a) = 0 - a - a - 14 + 22 - 18. What is c(-5)?
0
Let q(p) be the third derivative of -1/12*p**4 - 1/3*p**3 + 0 - 10*p - 7*p**2. Determine q(4).
-10
Let l(q) = q**2 + q - 16. Let g(m) = 4*m. Let x(k) = -4*g(k) - l(k). What is x(-14)?
58
Let b(d) = 1. Let t(p) = p**2 - 5. Let s(h) = -2*b(h) - t(h). Suppose v + 7*k - 3*k - 11 = 0, v - 2*k = -19. Let m be -4 + (-55)/(-15) - 39/v. What is s(m)?
-13
Let f(m) be the second derivative of 2*m**3/3 + 4*m**2 + 145*m. Suppose 50 = -5*o - 4*r, -2*r = -o - 4*r - 16. Calculate f(o).
-16
Let g(y) = -32*y + 59. Let z(m) = -111*m + 169. Let b(o) = 7*g(o) - 2*z(o). Give b(35).
5
Let o(y) = y**2 - 15*y + 64. Suppose 23*g - 275 = -45. Calculate o(g).
14
Let g(x) = x**3 + 2*x**2 + 3*x + 1. Suppose 96*p = 91*p + 15. Suppose 3*c + 0*c - 5 = 4*u, 4*u = 5*c - p. What is g(u)?
-5
Let y(l) = -5*l + 119. Let m = -4554 - -4580. What is y(m)?
-11
Let y be 27*(2 - 1) - 357/357. Let m(r) = -2*r + 60. Determine m(y).
8
Let o(m) = m**3 + m**2 + m + 1. Let b(w) = -6*w**3 - 47*w**2 + 20*w + 41. Let f(g) = -b(g) - 4*o(g). Let z be f(-22). Let v(i) = -10*i**2 - 1. Determine v(z).
-11
Let p = 1221 + -1218. Let k be ((-2)/(-3))/(6/27). Let r(b) = 3*b**p - 3 + 10*b**3 - 23*b**k - 7*b + 11*b**3 + 4*b**2. What is r(-5)?
7
Suppose -121*o = -127*o - 78. Let l(q) = -q**3 - 12*q**2 + 11*q - 22. Let h be l(o). Let d(c) = -3*c + 8. Determine d(h).
-4
Let u(q) = -q**3 + 14*q**2 - 28*q + 44. Suppose 2*z = -3*b + 42, 6*b - 3*z = 7*b - 21. Give u(b).
-4
Let s(z) be the second derivative of 7*z**3/6 + 11*z**2/2 + 1988*z + 1. Determine s(6).
53
Let m be 6 + 55/(385/(-42)). Let g(l) be the second derivative of m + 1/3*l**3 - 1/3*l**4 - 1/2*l**2 - 1/20*l**5 + 24*l. Calculate g(-5).
14
Let q(h) = -4*h - 264. Let x(r) = r + 113. Let f(g) = -q(g) - 2*x(g). Give f(-8).
22
Let v be 264/32 + (-1)/4 + -5. Suppose -3*w + 3*f - 1 = f, 3*w = v*f. Let b(l) = 10*l + 1. What is b(w)?
-9
Let g(k) = -2*k**2 - 2*k + 9. Let y be -6 - -7 - 1/(-1). Let o be g(y). Let f be -1 + (o/(-6) - (-7)/2). Let v(n) = -2*n. Give v(f).
-6
Let w(b) = -84*b + 40 + 71*b - 12 - 13. What is w(4)?
-37
Let w(a) = -10*a**2 + 1. Let f be 2/9 + 5/(-135)*-75. Suppose 3*h + 6*t = 2*t - f, -h = 2*t + 1. What is w(h)?
-9
Let x(c) be the second derivative of 0*c**2 + 0 - 1/24*c**4 + 5*c + 3/2*c**3 + 11/120*c**5. Let b(m) be the second derivative of x(m). Give b(-1).
-12
Let y(v) = -52*v**2 - 8*v - 6. Let h(a) = -12*a**2 + 316*a - 105. Let f be h(26). Give y(f).
-50
Let o(b) = -16*b - 85. Suppose -18*g = -20*g - 4*l - 28, -18 = g + 3*l. Let p be o(g). Let m(d) = -d + 5. What is m(p)?
-6
Let q = -23 + 29. Let b(j) = -13*j**2 - 5*j - 10. Let g(n) = n**2 + n. Let l(z) = -2. Let t(p) = -g(p) + l(p). Let m(u) = q*t(u) - b(u). Give m(2).
24
Let m(h) = 2*h**2 - 3*h + 1. Let x(j) = 0 - 1 - j + 2 + j**2. Let a(b) = 4*m(b) - 7*x(b). Suppose -5*z + 37 = 3*v, v - 24 = -20. Calculate a(z).
-3
Let c = -6704 - -6694. Let h(g) = 4*g + 20. Give h(c).
-20
Let t be 826/(-21) - (1/(-3) + 0). Let v(p) = 19*p + 5. Let h(s) = -3*s - 1. Let x(j) = t*h(j) - 6*v(j). Determine x(-7).
-12
Let o be 0 - 0 - (0 - 4). Suppose 0*n + n - o = 0. Let u(i) = -200*i**3 + 399*i**3 - 4*i**2 - 198*i**3 - 1. Calculate u(n).
-1
Let k(d) be the first derivative of -d**2 + 5*d + 2014. Determine k(1).
3
Suppose 5*o + 722 = 4*u, -3*o = o + 2*u + 588. Let m = 151 + o. Let x(i) = 3*i**3 + 2*i + 9*i**2 - 4*i**2 + 0 - 6 - 4*i**3. Calculate x(m).
4
Let m(i) be the t